dreds digit of n?
1
Let l = -825 - -4471. What is the thousands digit of l?
3
Let q(v) = 96 - 46 - 42 + 275*v**2 - 8*v. What is the tens digit of q(1)?
7
Let j(z) = -3*z - 9. Let t be j(-2). Let o(v) = -528*v + 13. What is the units digit of o(t)?
7
Let f(x) = -515*x - 1537. What is the units digit of f(-17)?
8
Suppose 0 = 4*v - 5 - 15. Let o be 3 - 4*(-2)/8. Suppose 3*b + 2*z - 107 = v, o*b = 4*z + 116. What is the tens digit of b?
3
Let g = 163 + -37. Let c = 130 - g. Let t(m) = -2*m**2 + 8*m + 3. What is the units digit of t(c)?
3
Let w(b) = -b**3 + 15*b**2 - 17*b - 11. Let d = 103 - 95. What is the tens digit of w(d)?
0
Let b(l) = -13*l**3 - 27*l**2 - 44*l + 45. What is the thousands digit of b(-12)?
9
Suppose -5*w - 5 = 0, -4*i - 2 = -5*i - 2*w. Let r be (-3630)/(-24) + (-2 - (-11)/i). Suppose -r = -3*c + 55. What is the units digit of c?
9
Let t = 371 - -2653. What is the units digit of t?
4
Suppose -b = -13*w + 18035 + 62429, -3*w - 2*b = -18582. What is the tens digit of w?
9
Let q(n) be the third derivative of -n**4/24 + 9*n**3 - 2*n**2 - 45. What is the tens digit of q(-23)?
7
Let t(d) = 19*d**2 + 15*d - 204. Let x(s) = 12*s**2 + 10*s - 136. Let c(f) = 5*t(f) - 8*x(f). What is the units digit of c(-11)?
2
Let i(r) = -8*r + 107. Let m be i(13). Suppose -m*c + 4488 - 411 = 0. What is the tens digit of c?
5
Let s = -57 + 169. Let t be ((s/12)/(-2))/((-2)/(-3)). Let d(b) = -b**3 - 4*b**2 + 3*b - 10. What is the tens digit of d(t)?
1
Let y = 88 + -85. Suppose -4*v - y*a + 639 = 0, 2*v - v - a = 151. What is the units digit of v?
6
Suppose 3*n - 4*n = -1363. Suppose -4*j + w = -n, w - 694 = -2*j - w. What is the tens digit of j?
4
Let k = -8452 + 8470. Let w(c) = -c + 161. Let q be w(0). Suppose k*m - 17*m = q. What is the tens digit of m?
6
Let n(m) be the first derivative of 3/2*m**2 + 9 + 4*m + 5/3*m**3. What is the tens digit of n(-3)?
4
Let j(k) = 4*k**3 - 3*k**2 - 15*k - 17. Let r(g) = -7*g**3 + 5*g**2 + 32*g + 33. Let a(q) = 5*j(q) + 2*r(q). What is the thousands digit of a(7)?
1
Let a(h) = -1522*h + 367. What is the tens digit of a(-3)?
3
Suppose 5*z + 3 - 18 = 0. Suppose z*c = -14*c - 136. What is the units digit of 114/c*((-32)/(-3))/(-4)?
8
Let t = -413 + 1413. Let g = -448 + t. What is the tens digit of g?
5
Suppose 0 = -2*s - 1 - 1, 2*s = r - 10236. What is the hundreds digit of r?
2
Let q be (-3)/6*(-4)/1. Let v be (-5)/(3/(-1 - q)). Suppose -h = -v*h + 252. What is the units digit of h?
3
Let t(m) = 120*m**3 - 13*m**2 - 8*m + 48. What is the thousands digit of t(4)?
7
Suppose 20*k - 23*k + 4*v - 53 = 0, -2*k + 5*v - 26 = 0. Let w(s) = s**2 + 2*s + 3. Let y be w(6). Let d = k + y. What is the tens digit of d?
2
Suppose 250*w = 302*w - 551356. What is the thousands digit of w?
0
Let b = -164 - -287. Let l = b + 204. What is the units digit of l?
7
Suppose -5*y - 3*j = -12633, 13*y - 11*y - 5057 = -5*j. What is the tens digit of y?
2
Let g(o) = -o**3 + 15*o**2 - 95*o + 497. Let z be g(9). Suppose j + 4*n = 119, j + n - 149 + 30 = 0. Let y = z - j. What is the units digit of y?
9
Let j(r) = -r**3 + 8*r**2 - 2*r + 8. Let w be (-133)/4 - (-6)/24. Let b = w - -39. What is the tens digit of j(b)?
6
Let t = 22709 - 3608. What is the hundreds digit of t?
1
Suppose -122*g + 415960 + 652882 = 0. What is the thousands digit of g?
8
Let c(n) = 6*n**3 - 2*n - 2. Let u be c(-1). Let v = u - -18. What is the units digit of (332/v)/((-2)/(-6))?
3
Let u be 10/(-85) + 369144/51. Suppose -9*f = -20*f + u. What is the tens digit of f?
5
Let m(i) = 688*i**2 - 21*i + 19. What is the hundreds digit of m(10)?
6
Let w be (-2499 - -1)*-2*(-18)/(-72). Let g = w - 363. What is the tens digit of g?
8
Let a = -305 - -791. Suppose 0*g - y - a = -2*g, -3*y + 12 = 0. Suppose 0 = -h - 4*h + g. What is the tens digit of h?
4
Let h = 1647 + 141. What is the hundreds digit of h?
7
Suppose 5*q + 5*z + 10 = 0, 2*q - 2*z + 12 - 4 = 0. What is the units digit of (-750)/(-40) + (44/(-16) - q)?
9
Let i(x) = 18*x**2 + 3*x + 161. What is the tens digit of i(-24)?
5
Let x(s) = 47*s**2 + 4*s + 14. Let h(i) = -47*i**2 - 4*i - 12. Let z(f) = -5*h(f) - 4*x(f). What is the hundreds digit of z(-2)?
1
Let x = 225 - 219. Suppose x*i - 12*i = -960. What is the units digit of i?
0
Let l = -2725 + 4072. Suppose 428 = y - 2*p, 3*p + l = 4*y - 355. What is the hundreds digit of y?
4
Suppose -10 = 2*w, 5*w - 9*w = -2*s - 342. What is the units digit of (10 + -6)*1 - s?
5
What is the hundreds digit of 1*143755/(3 + (-6)/12)?
5
Let n(y) be the third derivative of -y**5/60 + 9*y**4/4 - 11*y**3/3 - 119*y**2. What is the units digit of n(21)?
1
Suppose 0 = a - 1, 2*d = -3*d - 3*a + 13. Suppose 0 = -x + l + 282, 5*l + 535 + 17 = d*x. What is the hundreds digit of x?
2
Let x = 12593 + -4966. What is the hundreds digit of x?
6
Let m = -180 + 209. Let l = m + -7. What is the tens digit of l?
2
Let y = 2881 + 1998. What is the tens digit of y?
7
Let o(x) = -x**3 + 28*x**2 - 60*x + 40. Let n = -86 - -85. Let l(t) = t**2 + t + 1. Let u(z) = n*o(z) - 2*l(z). What is the tens digit of u(28)?
1
Suppose 0 = -3*p - 3*p + 1872. Let v = 344 - p. What is the tens digit of v?
3
Suppose 190 = 4*n - 2*x, -260 = -19*n + 14*n - 2*x. Let c = 191 + n. What is the units digit of c?
1
Let p = 45 - 43. Suppose p*n + 576 = 2*m, 0 = -4*n + 10 + 6. What is the tens digit of (5 + -3)/(8/m)?
7
Suppose 89*s = 85*s - 5*h + 22659, -2*h + 22650 = 4*s. What is the hundreds digit of s?
6
Let p = 108764 - 58259. What is the ten thousands digit of p?
5
Suppose 0 = 5*n - 20, 3*u - 1367 = 4*n - 0*n. What is the units digit of u?
1
Let u = -23 - -41. Let x(q) = -q + 40. Let t be x(u). Let w(k) = k**2 - 16*k - 22. What is the hundreds digit of w(t)?
1
What is the tens digit of 1239516/126 + (-9)/21?
3
Let p be (-1)/6 + 28/168. Suppose p = -4*g - 5*w + 1413, 0 = -9*w + 7*w + 2. What is the hundreds digit of g?
3
Let f(p) = p**2 + 9*p + 20. Let a be f(-6). Let h be -20 + a/3*-3. What is the hundreds digit of (642/(-18))/(-2 - h/12)?
2
Let v = 297 + 251. Let t = 803 - v. What is the tens digit of t?
5
Suppose 524*r = 332*r + 1987392. What is the hundreds digit of r?
3
Let c(d) = -d**2 + 17*d + 42. Let w be (19 + 0/((-4)/4))*1. Let r be c(w). Suppose 3*p - 189 = 5*u, -r*u + 3 = -5*u. What is the tens digit of p?
5
Let q = -82 + 115. Suppose 2*v - 4*u + 2 = 0, -3*v - 3*u = -0*u - q. Suppose 3*g = -y + 91, 5*y = -v - 3. What is the tens digit of g?
3
What is the tens digit of (26 + 3707/22)*36?
0
Suppose -3*n + 2*n = -34. Let f = -1768 - -1862. Suppose -36*q + f = -n*q. What is the units digit of q?
7
Let v = 65779 + -23347. What is the units digit of v?
2
Let o = 141 - 140. What is the units digit of ((-7390)/30)/(o/(-3))?
9
Suppose 2*t = 3*a + 22825, 33*a - 28*a = t - 11388. What is the tens digit of t?
2
Suppose -4*n = 8, -16 = -3*i - 0*n + 2*n. Suppose 3*u - i*j = 328, 3*u + 3*j = -2*u + 566. What is the units digit of u?
2
Suppose -3*b = -16 + 4. What is the units digit of (987/(-14) - b)*-4?
8
Let l be ((-56)/10)/((-9)/((-90)/(-4))). Let h be (1*15)/(l/70). Let q = -28 + h. What is the units digit of q?
7
Suppose 212*i = -4*i + 4451328. What is the tens digit of i?
0
Let v = 49 + -50. Let m(j) = 20*j**2 + j. Let k be m(v). Suppose -87 = -2*l + k. What is the tens digit of l?
5
Suppose 0 = -t - 2*q + 1364, 161 = -t - 4*q + 1529. What is the hundreds digit of t?
3
What is the tens digit of (39/52 - (-2)/8)*233?
3
Suppose -2*q = -5*d + 10, d = 3*d + 3*q - 4. Suppose -3*y + 2 = d*j - 0, -3*y + 4 = 4*j. What is the units digit of 66 + y - (6/6 + -2)?
7
Suppose -149 + 1023 = 19*z. Let w = z + 126. What is the hundreds digit of w?
1
What is the thousands digit of (-3)/(-1) - (-7445 - (5 + -11))?
7
Suppose -7*p = 1235 - 12365. Suppose 4*y - 3198 = a, 4*a = -3*y + y + p. What is the tens digit of y?
9
Let r = -3243 + 1870. Let d = r - -2492. What is the hundreds digit of d?
1
Let d(t) = -4*t**3 + 9*t**2 - t + 8803. What is the tens digit of d(0)?
0
Let g = 88410 + -54431. What is the units digit of g?
9
Let t(u) be the second derivative of 5*u**3/3 + 40*u**2 - 64*u - 2. What is the units digit of t(14)?
0
Suppose 0 = -113*g + 100*g. Suppose 5*p = -g*t + t - 1282, 5*t = -4*p + 6352. What is the thousands digit of t?
1
Suppose 5*m + 3*y 